 3*a + 9 + 12 = -3*u. Give y(u).
5
Let u(z) = 2*z**2 + 4*z - 4. Let g(a) be the second derivative of -a**4/12 - a**3/2 + 3*a**2/2 - a. Let n(s) = 3*g(s) + 2*u(s). Calculate n(1).
1
Let z(x) be the second derivative of -7*x + 0 + 1/6*x**3 + 5/2*x**2. Suppose 0*q = -2*q - 10. Give z(q).
0
Let b(r) = -3*r + 2. Let z = -17 + 17. Suppose 12 = 3*v - z. What is b(v)?
-10
Let k(f) = -2*f**2 + f + 1. Let y be k(-1). Let m = 1 - y. Let t(u) = u**2 - 6*u - 4 + 0 + 3 + m*u. Determine t(2).
-3
Let b be 4 + -4 + 96/4. Let h(a) = 3*a**2 - b + 4*a + 10 + 10 - a**3. What is h(3)?
8
Let c(d) = -d**3 + 2*d**2 + 1 - 28*d + 20*d + 4*d**2 + 14*d. Let j = 62 + -55. Give c(j).
-6
Let s(p) = p**2 + 8*p. Suppose 11 = -3*t + 44. Let a = t + -18. Determine s(a).
-7
Let m = 637 - 633. Let b(s) = -s**3 + 3*s**2 + 6*s - 1. Determine b(m).
7
Let k(c) = -c - 1. Suppose 411 - 141 = -15*w. Suppose -z = -2*z + 13. Let s = z + w. Give k(s).
4
Let y = -243 + 245. Let q(m) be the second derivative of -5*m**2 + 1/6*m**3 + 0 + y*m. Calculate q(0).
-10
Suppose 4 = -4*g, 2*g = 5*c - 1 - 1. Suppose -5*y + f = 8, y = -5*f - 12 - c. Let m(r) = 6*r - 2. What is m(y)?
-14
Suppose 2 - 4 = 2*j, 8 = 2*i + 2*j. Let x(f) be the third derivative of -f**5/60 + 5*f**4/24 - 5*f**3/6 - 17*f**2. Calculate x(i).
-5
Let l(o) = -8*o**3 + 13*o**2 - 8*o - 8. Let x(z) = -7*z**3 + 12*z**2 - 7*z - 7. Let h(s) = 5*l(s) - 6*x(s). What is h(2)?
-6
Let s = -2 - -4. Let i = 33 + -30. Let p(o) = 4*o**3 - 1 + o**2 - 13*o**3 + 8*o**i. What is p(s)?
-5
Let g(u) = -u**3 + 10*u**2 - 8*u - 12. Suppose 0*l - l + 5*q = 1, 0 = -5*l - 5*q + 55. Give g(l).
-3
Let r(k) be the second derivative of k**4/4 + k**3/3 - 8*k. Let z = 46 + -24. Let o = z - 20. Determine r(o).
16
Suppose 4*s = -20, -5*s + 10 = 3*m + 23. Suppose 3*j = 13 - m. Let k(u) = 7*u + 3*u - 5*u - 8 + j + u**2. Determine k(-6).
1
Let k(x) be the third derivative of -11*x**4/24 - 15*x**2. Determine k(1).
-11
Let a(d) = -2*d**2 - 2*d + 1. Suppose 3*o - 15 - 15 = 0. Suppose -5*u - o = -0*u. What is a(u)?
-3
Let z = 35 - 23. Suppose -5*k + 4*l = -27, 2*k - 4*l - z - 6 = 0. Suppose -k*i + 2*i = 5. Let t(y) = y + 1. What is t(i)?
-4
Suppose 0 = -27*y + 25*y - 4. Let p = y + -5. Let n(g) = -g. Calculate n(p).
7
Suppose 49*o - 605 = -6*o. Let a(k) = -k**2 + 12*k - 2. What is a(o)?
9
Let p(c) = 28 - 23 + 5*c - 7*c + 5*c - 2*c. What is p(-9)?
-4
Let o(l) = l**2 - 2*l. Let u be o(3). Let n(j) = -3*j + u*j - 7*j - 5 - j**2. Let h = 648 + -653. Give n(h).
5
Let q(n) = -3*n**2 + 2*n - 1. Suppose 2*p - 2*f - 8 = -0*f, -2*p + 11 = -3*f. Let b be (-8 + 6)/(-1 - p). Give q(b).
-2
Suppose -w + 10*w - 2484 = 0. Let o(b) = b**2 - w*b + 275*b - 5 + 1 + 3. Give o(5).
19
Let t(f) = 5*f**2 + 6*f + 36. Let c(h) = -4*h**2 - 5*h - 28. Let p(j) = -6*c(j) - 5*t(j). What is p(0)?
-12
Let k(i) be the second derivative of 0 - 5*i + 0*i**4 - 1/10*i**5 - 3/2*i**2 - 1/3*i**3. What is k(-2)?
17
Let c = 11 - 6. Let b be -52*(0 - (-4)/(-8)). Let u(l) = 8 - l - b + 11 + 6. Calculate u(c).
-6
Let c(s) = -s**2 - 10*s + 3. Let v = 21 - 31. Calculate c(v).
3
Let h(t) = 13*t**2 - t. Let q be 3/(16/4 - 3). Suppose -o + q*o = 0. Suppose 4*r - 8 = 5*b - b, o = 3*r + 2*b - 1. Calculate h(r).
12
Suppose 13*k - 16*k - 228 = 0. Let m = -69 - k. Let l(h) = -h**2 + 7*h - 3. What is l(m)?
-3
Let l(d) = -d**3. Let f be l(-1). Let s(k) = -k**3 + k**2 - k**2 - 4*k**2 - f. Let t be s(-4). Let w(c) = 7*c**2 - c - 1. Calculate w(t).
7
Let x be (-2)/(-2)*3 + -3. Let n(i) = i + 46 - 104 + i**2 + 52 - i**3. Calculate n(x).
-6
Let a be 12/(-4) + 6 + 2. Let f(i) = -i**3 + 4*i**2 + 3*i - 5. Calculate f(a).
-15
Let x(f) be the third derivative of f**5/60 - 11*f**3/6 + f**2. Suppose 245*p = 244*p. What is x(p)?
-11
Let q(u) = -u. Let i(z) = -z**2 + 5*z + 11. Let j(s) = i(s) - q(s). Suppose -2*o + 2*f + 5 = -1, -5*f = o - 9. Suppose -3*b = -o*b + 8. Determine j(b).
-5
Let x(w) = w**3 - 6*w**2 - 2*w + 8. Let m be (17 + -2)*(-2)/5. Let n be m/(-4) - (-3)/2. Let p be (-9)/((-1)/1) - n. Give x(p).
-4
Let d(g) = 2*g + 3. Let r(c) = c**3 + 5*c**2 - 8*c + 4. Suppose 4*z + 24 = -0*z. Let o be r(z). Suppose -12*i = -o*i - 12. What is d(i)?
-3
Let v(g) = 2 - 106*g**2 - 2 + g**3 + 108*g**2 - 3*g - 1 + 4. What is v(-3)?
3
Let f(z) be the third derivative of z**8/20160 - z**6/720 - 19*z**5/30 + 43*z**2. Let j(i) be the third derivative of f(i). Calculate j(1).
0
Let x(p) be the second derivative of p**4/12 + p**3 - 6*p**2 + p - 200. Determine x(-6).
-12
Let a(s) = -2*s**3 - 5*s**2 + 9. Let h(c) = -c**3 + c**2 - 2*c + 1. Let u(k) = a(k) - 3*h(k). Give u(7).
-1
Let j(w) = -w**2 - 6*w - 12. Let r(z) = -2*z**2 - 36*z + 121. Let p be r(3). What is j(p)?
-7
Suppose 0*m + 3*m = 2*h + 2, m - 5 = 5*h. Let u be (-6)/(-9)*(-9)/h. Let k(i) = 6*i - 8 + 1 + 2 - i**2. Calculate k(u).
-5
Let b(j) = -3*j - j**2 + j - 2*j - 1 + 0. Let o = 190 + -194. Calculate b(o).
-1
Let t(q) be the second derivative of -q**5/20 - 2*q**4/3 - q**2 - 10*q + 1. Suppose -2*l + 10 = -j - 0, 3*j - 4*l + 28 = 0. Calculate t(j).
-2
Let l(y) = 5*y**2 - 2*y + 7. Let f(t) = -8*t**2 + 3*t - 16. Let b(v) = 3*f(v) + 5*l(v). Determine b(5).
7
Let b(i) = -8*i**3 + i**2. Let a(l) = -l**3 + 15*l**2 - 16*l + 29. Let v be (4/22)/(-1) + 156/11. Let k be a(v). Calculate b(k).
-7
Let y(m) = m**3 - 4*m**2 - 3*m + 2. Let g be (10/(-15))/(2/12). Let k = g - -8. Suppose 0 = -4*b + 3*b + k. Give y(b).
-10
Let d(o) = 2*o - 7. Let k be d(5). Let p(x) = 5*x + 2 + 0*x**2 + k*x + x**2. Let m = -4 - 2. Give p(m).
-10
Suppose l = 3*s + 14, -4*l + 3*s = -0*s - 29. Let c(k) be the third derivative of 2*k**2 + 0*k + 1/6*k**3 - 1/120*k**6 - 1/24*k**4 + 0 + 1/10*k**l. Give c(6).
-5
Let l(d) = d**3 + 2*d**2 - 1. Let p be -1*(8/(-8))/(-1). Calculate l(p).
0
Let t be (-243)/27*(-2)/6 - -7. Let b(z) be the second derivative of 1/2*z**4 + 0*z**3 + 0 - 1/2*z**2 - t*z. What is b(1)?
5
Let q = -750 + 750. Let i(x) = x**3 - x**2 + x + 49. Determine i(q).
49
Suppose 2*u + 4*r - 26 = 0, 5*r - 2 = 2*u - 1. Let z(f) be the first derivative of -2*f + 3/2*f**2 + u. Give z(2).
4
Let h(d) = 5*d + 3. Suppose 3*q - 166 + 175 = 0. Calculate h(q).
-12
Let t(o) = o**3 + 9*o**2 - o - 15. Let f(z) = 3*z**3 + 27*z**2 - 3*z - 45. Let i(c) = 3*f(c) - 8*t(c). Let v be i(-9). Let y(s) = -3*s - 9. What is y(v)?
9
Let s(y) = y**2 + 5*y + 26. Let x(d) = 2*d + 9. Let r(v) = 3*s(v) - 8*x(v). Calculate r(0).
6
Let j(t) be the second derivative of t**4/3 + t**3/3 - t**2/2 + 8*t + 3. Determine j(1).
5
Let d(q) = -q**3 - q**2 - q - 1. Let n(k) = 7*k**3 + 17*k**2 + 21*k**2 - 31*k**2 + 8 + 6*k. Let c(x) = 6*d(x) + n(x). Determine c(0).
2
Let p(i) = 2*i + 5. Let q(g) = -5*g + 11. Let s be q(3). Determine p(s).
-3
Let o(v) = v + 4. Let u be o(-4). Let a(d) be the second derivative of d**4/12 + 14*d**2 + 76*d. What is a(u)?
28
Let t(p) be the first derivative of -p - 9 + 1/2*p**2. Calculate t(-5).
-6
Let m(n) = n + 3. Let z be m(0). Let q(u) be the first derivative of 5*u**3 + 2*u**3 - 7 + 2*u**3 + u**2 + u - 3*u**z. Calculate q(-1).
17
Let g(s) = -s**2 - 2. Let q be (1 + 0)*(-3 + 4 - 5). Let l be -2 + 4 - (-1 + -1). Let r be -1 - (q + (l - 3)). Calculate g(r).
-6
Suppose -2*j + 3*l - 7 = 2*l, -j + l = 1. Let p(i) = 6*i + 0*i**2 + i + i**2. Give p(j).
-6
Let l(v) = 5*v + 0*v + 4 - 3 - 3*v. Let h(i) = i**3 - 17*i**2 - 40*i + 34. Let s be h(19). Give l(s).
-7
Suppose 2*m + 5*v - 19 = 0, 0*m - 5*m + 5*v + 30 = 0. Let u(y) = 0*y**2 + 5*y + 0*y - 4 - m*y**2 + y**3. Determine u(6).
-10
Let d(u) be the second derivative of -2*u**3/3 + 11*u**2/2 + 70*u. Determine d(5).
-9
Let l(o) = -2 - 5*o - 4*o**2 + o**3 + 0*o**2 - 3*o**2. Let q(i) = -i**3 + 3*i**2 + 2*i + 1. Let k(y) = -3*l(y) - 7*q(y). Let m = 370 - 369. Give k(m).
4
Let b(v) = -20*v**2 - 13*v + 4. Let f(t) = 59*t**2 + 43*t - 13. Let k(c) = 10*b(c) + 3*f(c). Determine k(1).
-23
Let l(d) = 1. Let w(m) = -m. Let g(p) = -2*l(p) - w(p). Suppose -f + h - 744 + 747 = 0, 2*h = 3*f - 3. Calculate g(f).
-5
Let h(j) = -j**2 - 4*j + 0*j**2 + 30*j**3 + 28*j**3 - 57*j**3 - 1. Determine h(3).
5
Suppose b + 4 = 4. Suppose 2*j = -0*j - b*j. Let s(u) be the third derivative of -u**6/120 - u**5/60 + u**4/24 + u**3 + u**2. What is s(j)?
6
Let h(v) = 147*v + 4119. Let f be h(-28). Let u(d) be the second derivative of 0 - 2/3*